-3 (base 16) in base 9?
-3
Convert -18 (base 16) to base 10.
-24
Convert -5 (base 12) to base 4.
-11
c (base 13) to base 7
15
What is -70 (base 9) in base 4?
-333
What is 1 (base 13) in base 15?
1
What is -22 (base 11) in base 14?
-1a
Convert -1 (base 2) to base 13.
-1
2 (base 7) to base 3
2
What is 20 (base 11) in base 4?
112
What is 44 (base 8) in base 6?
100
-35 (base 11) to base 10
-38
-3 (base 16) to base 7
-3
Convert 11 (base 7) to base 12.
8
Convert 10000 (base 3) to base 9.
100
What is 2 (base 15) in base 7?
2
5 (base 8) to base 13
5
101 (base 2) to base 3
12
What is 23 (base 9) in base 12?
19
-1 (base 13) to base 11
-1
1102 (base 6) to base 8
376
What is -69 (base 12) in base 11?
-74
-7 (base 11) to base 16
-7
What is -8b (base 14) in base 4?
-1323
Convert 25 (base 16) to base 7.
52
Convert 0 (base 14) to base 12.
0
111 (base 2) to base 10
7
What is 11 (base 3) in base 5?
4
Convert 120 (base 6) to base 4.
300
Convert 1001000 (base 2) to base 6.
200
Convert -1 (base 9) to base 5.
-1
-100 (base 3) to base 10
-9
-81 (base 9) to base 10
-73
Convert -49 (base 14) to base 4.
-1001
Convert 2 (base 16) to base 2.
10
Convert 1001 (base 2) to base 12.
9
What is -3c (base 16) in base 6?
-140
-14 (base 10) to base 4
-32
What is 36 (base 15) in base 13?
3c
What is 11 (base 9) in base 15?
a
Convert -1 (base 14) to base 6.
-1
-2 (base 16) to base 2
-10
-8 (base 15) to base 8
-10
What is -6 (base 16) in base 13?
-6
10 (base 2) to base 8
2
Convert -4 (base 11) to base 6.
-4
-31 (base 10) to base 2
-11111
What is -2022 (base 3) in base 7?
-116
What is -2 (base 15) in base 9?
-2
What is -441 (base 7) in base 15?
-100
Convert -204 (base 6) to base 12.
-64
Convert 33 (base 15) to base 14.
36
Convert 1 (base 3) to base 7.
1
What is 4 (base 9) in base 7?
4
3 (base 14) to base 8
3
1 (base 5) to base 16
1
Convert 440 (base 5) to base 9.
143
What is 84 (base 13) in base 9?
130
Convert -2 (base 3) to base 9.
-2
What is 54 (base 8) in base 2?
101100
Convert 11011001 (base 2) to base 4.
3121
-7 (base 11) to base 12
-7
What is -28 (base 12) in base 16?
-20
-11 (base 4) to base 13
-5
What is -d (base 15) in base 5?
-23
Convert -1 (base 15) to base 2.
-1
Convert -10 (base 2) to base 11.
-2
-4 (base 6) to base 3
-11
What is -113 (base 5) in base 16?
-21
What is 1110 (base 2) in base 10?
14
131 (base 8) to base 2
1011001
164 (base 9) to base 12
b7
-11 (base 10) to base 14
-b
What is -24 (base 10) in base 2?
-11000
6 (base 13) to base 6
10
Convert 2f (base 16) to base 9.
52
-58 (base 11) to base 6
-143
Convert 11 (base 4) to base 13.
5
What is -1f (base 16) in base 2?
-11111
Convert -1 (base 6) to base 10.
-1
What is -203 (base 6) in base 15?
-50
What is 1 (base 7) in base 9?
1
Convert -2a (base 12) to base 4.
-202
1 (base 9) to base 13
1
What is 100 (base 2) in base 12?
4
-1 (base 7) to base 11
-1
What is -104 (base 8) in base 15?
-48
Convert -12 (base 11) to base 12.
-11
What is 211 (base 5) in base 11?
51
What is -28 (base 11) in base 13?
-24
Convert -7 (base 15) to base 11.
-7
Convert 28 (base 12) to base 9.
35
-5 (base 11) to base 3
-12
-15 (base 12) to base 8
-21
Convert 8 (base 12) to base 11.
8
-11 (base 4) to base 9
-5
Convert -1 (base 15) to base 9.
-1
2 (base 8) to base 9
2
Convert -23 (base 11) to base 2.
-11001
Convert -111 (base 2) to base 16.
-7
0 (base 14) to base 7
0
Convert 41 (base 6) to base 8.
31
Convert 6 (base 8) to base 14.
6
Convert -b7 (base 12) to base 11.
-117
2 (base 4) to base 11
2
-2 (base 13) to base 5
-2
-1001 (base 3) to base 15
-1d
Convert -b (base 12) to base 15.
-b
-27 (base 8) to base 7
-32
What is 24 (base 10) in base 5?
44
What is 23 (base 11) in base 6?
41
What is -1 (base 2) in base 14?
-1
Convert 6 (base 8) to base 6.
10
What is 5 (base 8) in base 3?
12
Convert 2021 (base 3) to base 6.
141
What is a (base 11) in base 12?
a
Convert 2d (base 15) to base 6.
111
22 (base 6) to base 14
10
What is -2 (base 5) in base 3?
-2
What is -211 (base 6) in base 11?
-72
What is 43 (base 6) in base 5?
102
What is -110 (base 2) in base 7?
-6
What is -1100000 (base 2) in base 6?
-240
What is 3122 (base 4) in base 6?
1002
Convert -236 (base 7) to base 12.
-a5
What is 2 (base 7) in base 14?
2
What is 100 (base 2) in base 3?
11
What is -43 (base 9) in base 11?
-36
5 (base 15) to base 2
101
7 (base 16) to base 10
7
Convert 0 (base 7) to base 14.
0
Convert -337 (base 8) to base 12.
-167
Convert 2 (base 16) to base 14.
2
What is -10 (base 9) in base 3?
-100
-73 (base 11) to base 7
-143
-11 (base 2) to base 6
-3
-10 (base 14) to base 12
-12
What is -21 (base 3) in base 14?
-7
Convert 112 (base 8) to base 4.
1022
What is -b (base 13) in base 10?
-11
-d6 (base 14) to base 15
-c8
Convert -7 (base 12) to base 9.
-7
What is 134 (base 7) in base 10?
74
Convert -210 (base 10) to base 16.
-d2
-1 (base 5) to base 3
-1
-206 (base 10) to base 3
-21122
Convert 1 (base 9) to base 16.
1
Convert 6 (base 16) to base 10.
6
-25 (base 9) to base 2
-10111
2 (base 11) to base 6
2
What is 11101 (base 2) in base 16?
1d
-1 (base 13) to base 3
-1
Convert -17 (base 9) to base 12.
-14
What is -b (base 15) in base 5?
-21
Convert -2 (base 6) to base 11.
-2
-10 (base 5) to base 7
-5
What is 3 (base 7) in base 9?
3
What is 4 (base 10) in base 6?
4
1 (base 16) to base 2
1
1 (base 12) to base 13
1
93 (base 11) to base 9
123
What is -43 (base 13) in base 8?
-67
What is 134 (base 11) in base 2?
10011110
Convert 34 (base 6) to base 14.
18
32 (base 11) to base 13
29
What is -80 (base 10) in base 3?
-2222
What is -3 (base 10) in base 11?
-3
What is -3 (base 9) in base 5?
-3
What is 1220 (base 3) in base 8?
63
Convert 1 (base 4) to base 16.
1
33 (base 11) to base 13
2a
11 (base 2) to base 4
3
What is -8 (base 13) in base 15?
-8
What is -10 (base 7) in base 15?
-7
Convert 21 (base 13) to base 11.
25
What is -32 (base 7) in base 14?
-19
-e (base 15) to base 13
-11
1b (base 12) to base 15
18
1a (base 11) to base 4
111
Convert 10021 (base 3) to base 12.
74
Convert 110 (base 2) to base 6.
10
What is 55 (base 8) in base 10?
45
2 (base 15) to base 3
2
Convert 1 (base 13) to base 7.
1
What is -6 (base 13) in base 11?
-6
What is -98 (base 15) in base 12?
-bb
-11 (base 2) to base 14
-3
What is 0 (base 12) in base 16?
0
-14 (base 11) to base 6
-23
Convert 243 (base 6) to base 15.
69
What is 70 (base 10) in base 9?
77
-4 (base 15) to base 2
-100
Convert 131 (base 11) to base 3.
12202
4 (base 16) to base 6
4
Convert -b (base 16) to base 9.
-12
Convert -11 (base 5) to base 6.
-10
Convert -19 (base 10) to base 8.
-23
-5 (base 10) to base 8
-5
11 (base 6) to base 5
12
-213 (base 4) to base 3
-1110
Convert -5 (base 8) to base 12.
-5
What is 112 (base 13) in base 2?
10111000
What is -5 (base 7) in base 13?
-5
What is -5a (base 13) in base 3?
-2210
Convert -10101101 (base 2) to base 15.
-b8
Convert -1 (base 10) to base 6.
-1
Convert 78 (base 10) to base 12.
66
What is f5 (base 16) in base 11?
203
1121 (base 3) to base 4
223
-11 (base 4) to base 5
-10
Convert -14 (base 8) to base 2.
-1100
What is -2 (base 13) in base 2?
-10
Convert 2 (base 11) to base 14.
2
What is -15 (base 6) in base 5?
-21
20 (base 4) to base 13
8
Convert b6 (base 12) to base 11.
116
65 (base 9) to base 4
323
-11 (base 4) to base 6
-5
What is 22 (base 6) in base 10?
14
Convert 3 (base 8) to base 13.
3
Convert 306 (base 9) to base 10.
249
Convert 202 (base 4) to base 14.
26
What is -102 (base 4) in base 7?
-24
What is 11111 (base 2) in base 7?
43
-8 (base 13) to base 14
-8
What is -1000 (base 2) in base 16?
-8
-1 (base 14) to base 5
-1
-22 (base 13) to base 7
-40
What is 111 (base 2) in base 6?
11
Convert -18 (base 9) to base 10.
-17
What is -1123 (base 5) in base 6?
-431
Convert 10 (base 8) to base 5.
13
-3 (base 15) to base 10
-3
What is 71 (base 11) in base 9?
86
Convert -19 (base 12) to base 8.
-25
5 (base 10) to base 14
5
What is -4 (base 5) in base 15?
-4
Convert 3c (base 16) to base 7.
114
What is 3 (base 15) in base 9?
3
Convert -3 (base 5) to base 11.
-3
Convert -1100110 (base 2) to base 9.
-123
Convert 11 (base 3) to base 2.
100
What is 23 (base 13) in base 15?
1e
Convert -20 (base 3) to base 10.
-6
What is 56 (base 11) in base 12?
51
Convert 24 (base 7) to base 11.
17
1e (base 16) to base 12
26
Convert 324 (base 7) to base 6.